factor of 5 and 580?
5
What is the highest common factor of 164 and 3034?
82
Calculate the highest common divisor of 146 and 22.
2
Calculate the highest common factor of 64 and 624.
16
Calculate the greatest common divisor of 102 and 969.
51
Calculate the highest common divisor of 14 and 54.
2
What is the greatest common divisor of 10 and 4858?
2
Calculate the greatest common factor of 425 and 25.
25
Calculate the greatest common divisor of 70 and 3430.
70
Calculate the greatest common divisor of 16 and 40.
8
Calculate the greatest common factor of 102 and 2.
2
Calculate the highest common divisor of 17 and 2771.
17
Calculate the highest common factor of 3129 and 42.
21
Calculate the greatest common factor of 27 and 3483.
27
What is the highest common divisor of 938 and 700?
14
What is the greatest common factor of 407 and 1406?
37
What is the greatest common factor of 352 and 11?
11
Calculate the greatest common divisor of 10 and 4.
2
What is the highest common factor of 20853 and 189?
63
Calculate the greatest common factor of 605 and 5203.
121
Calculate the highest common factor of 352 and 5536.
32
Calculate the highest common divisor of 330 and 30.
30
Calculate the highest common divisor of 7 and 553.
7
What is the highest common factor of 585 and 45?
45
What is the greatest common factor of 3443 and 11?
11
Calculate the greatest common divisor of 2688 and 168.
168
What is the greatest common divisor of 26 and 2?
2
What is the greatest common factor of 195 and 52?
13
Calculate the highest common factor of 10 and 290.
10
Calculate the highest common divisor of 1025 and 125.
25
Calculate the highest common factor of 1485 and 33.
33
What is the greatest common divisor of 56 and 504?
56
What is the highest common factor of 196 and 7?
7
What is the greatest common divisor of 32 and 104?
8
What is the highest common divisor of 8 and 368?
8
What is the highest common divisor of 129 and 3741?
129
Calculate the greatest common factor of 399 and 418.
19
What is the greatest common divisor of 63 and 1314?
9
Calculate the highest common factor of 68 and 24.
4
What is the greatest common divisor of 36391 and 241?
241
Calculate the greatest common factor of 2408 and 86.
86
Calculate the highest common factor of 17710 and 115.
115
What is the greatest common divisor of 2560 and 1480?
40
Calculate the highest common factor of 1274 and 112.
14
What is the greatest common divisor of 18 and 516?
6
What is the greatest common divisor of 1330 and 2926?
266
Calculate the greatest common divisor of 90 and 20.
10
Calculate the highest common factor of 6696 and 108.
108
What is the greatest common divisor of 20 and 310?
10
What is the greatest common divisor of 98 and 252?
14
Calculate the greatest common factor of 71 and 497.
71
What is the highest common factor of 22098 and 174?
174
Calculate the greatest common divisor of 72 and 2952.
72
What is the highest common factor of 64 and 41408?
64
What is the greatest common divisor of 276 and 1564?
92
Calculate the greatest common divisor of 6252 and 24.
12
What is the highest common factor of 24 and 464?
8
What is the greatest common divisor of 100 and 5350?
50
Calculate the highest common divisor of 344 and 258.
86
Calculate the highest common divisor of 154 and 112.
14
What is the greatest common divisor of 111 and 259?
37
Calculate the highest common factor of 12092 and 8.
4
What is the highest common factor of 24 and 1884?
12
What is the greatest common factor of 15 and 120?
15
What is the highest common divisor of 144 and 774?
18
What is the greatest common factor of 35 and 497?
7
Calculate the greatest common factor of 570 and 1530.
30
Calculate the highest common divisor of 147 and 1127.
49
Calculate the greatest common factor of 2115 and 45.
45
What is the highest common divisor of 4 and 26?
2
Calculate the greatest common divisor of 6250 and 20.
10
What is the greatest common divisor of 360 and 774?
18
Calculate the highest common factor of 23 and 23.
23
What is the greatest common factor of 104 and 1937?
13
Calculate the highest common factor of 246 and 144.
6
Calculate the greatest common factor of 2599 and 23.
23
What is the highest common divisor of 1802 and 742?
106
Calculate the greatest common divisor of 117 and 312.
39
What is the greatest common factor of 261 and 116?
29
What is the highest common divisor of 702 and 306?
18
Calculate the greatest common factor of 387 and 688.
43
What is the greatest common factor of 115 and 40?
5
Calculate the highest common factor of 114696 and 216.
216
What is the highest common factor of 196 and 98?
98
Calculate the highest common factor of 34873 and 43.
43
What is the highest common divisor of 144 and 3771?
9
What is the greatest common divisor of 772 and 59058?
386
Calculate the greatest common factor of 217 and 7.
7
Calculate the highest common factor of 195 and 5.
5
Calculate the greatest common divisor of 182 and 6594.
14
What is the greatest common factor of 21 and 672?
21
What is the highest common divisor of 39 and 520?
13
What is the greatest common factor of 1 and 1?
1
What is the highest common divisor of 6 and 4146?
6
What is the greatest common divisor of 5040 and 448?
112
What is the highest common factor of 1344 and 6?
6
Calculate the highest common factor of 37 and 1961.
37
What is the greatest common factor of 1384 and 5017?
173
What is the highest common divisor of 308 and 176?
44
What is the highest common divisor of 9 and 1299?
3
What is the highest common divisor of 135 and 216?
27
What is the highest common divisor of 106 and 8003?
53
Calculate the greatest common factor of 3195 and 18.
9
What is the greatest common factor of 2 and 104?
2
Calculate the greatest common divisor of 1211 and 2249.
173
What is the greatest common divisor of 695 and 10?
5
What is the highest common factor of 518 and 666?
74
Calculate the highest common divisor of 870 and 30.
30
What is the highest common factor of 2958 and 3045?
87
What is the highest common factor of 2067 and 318?
159
Calculate the highest common factor of 12 and 1272.
12
What is the highest common factor of 72 and 2640?
24
Calculate the greatest common factor of 8339 and 31.
31
What is the highest common factor of 12416 and 970?
194
Calculate the highest common divisor of 2715 and 29322.
543
Calculate the highest common divisor of 16 and 168.
8
Calculate the greatest common factor of 175 and 595.
35
Calculate the highest common factor of 44 and 7436.
44
What is the highest common divisor of 168 and 456?
24
Calculate the highest common divisor of 47 and 1504.
47
Calculate the greatest common factor of 1 and 3.
1
Calculate the highest common divisor of 5 and 395.
5
Calculate the greatest common divisor of 144 and 27.
9
What is the highest common factor of 18 and 126?
18
What is the greatest common factor of 849 and 3?
3
Calculate the greatest common divisor of 328 and 16.
8
What is the greatest common factor of 114 and 152?
38
Calculate the highest common factor of 4378 and 638.
22
Calculate the highest common factor of 18 and 774.
18
What is the greatest common divisor of 2037 and 21?
21
Calculate the highest common factor of 190 and 23750.
190
What is the highest common factor of 6315 and 30?
15
What is the greatest common factor of 1665 and 37?
37
What is the greatest common factor of 27 and 18?
9
What is the greatest common divisor of 900 and 200?
100
What is the highest common divisor of 40 and 15?
5
Calculate the greatest common divisor of 399 and 38.
19
Calculate the greatest common factor of 4900 and 525.
175
What is the highest common factor of 10808 and 28?
28
What is the highest common factor of 553 and 1343?
79
What is the greatest common factor of 3906 and 504?
126
What is the highest common factor of 2 and 16?
2
What is the highest common factor of 1209 and 93?
93
What is the greatest common divisor of 30 and 135?
15
Calculate the greatest common divisor of 76 and 171.
19
What is the greatest common factor of 950 and 76?
38
What is the greatest common factor of 26 and 377?
13
Calculate the highest common factor of 944 and 16.
16
Calculate the greatest common divisor of 261 and 58.
29
What is the greatest common factor of 1881 and 399?
57
What is the greatest common factor of 55